{"id":11184,"date":"2018-08-31T11:49:24","date_gmt":"2018-08-31T13:49:24","guid":{"rendered":"https:\/\/linas.lt\/en\/?p=1050"},"modified":"2018-08-31T11:49:24","modified_gmt":"2018-08-31T13:49:24","slug":"regarding-the-resignation-of-the-chairman-of-the-supervisory-council-and-the-appointment-of-the-director","status":"publish","type":"invest-naujienos","link":"https:\/\/linas.lt\/en\/invest-naujienos\/regarding-the-resignation-of-the-chairman-of-the-supervisory-council-and-the-appointment-of-the-director\/","title":{"rendered":"Regarding the resignation of the Chairman of the Supervisory Council and the appointment of the director"},"content":{"rendered":"<p>Regarding the resignation of the Chairman of the Supervisory Council and the appointment of the director<\/p>\n<p>AB \u201cLinas\u201d informing that Vilita Skersiene is resigning from the position of the Chairman of the Supervisory Council from August 31, 2018.<\/p>\n<p>On August 30, 2018 the Board of AB \u201cLinas\u201d elected Vilita Skersiene as the director of company AB \u201cLinas\u201d from September 1, 2018.<\/p>\n<p>Director<\/p>\n<p>Daiva Minkeviciene<\/p>\n<p>+370 45 506100<\/p>\n","protected":false},"featured_media":0,"template":"","class_list":["post-11184","invest-naujienos","type-invest-naujienos","status-publish","hentry"],"acf":[],"yoast_head":"<!-- This site is optimized with the Yoast SEO plugin v25.8 - https:\/\/yoast.com\/wordpress\/plugins\/seo\/ -->\n<title>Regarding the resignation of the Chairman of the Supervisory Council and the appointment of the director - linas.lt<\/title>\n<meta name=\"robots\" content=\"index, follow, max-snippet:-1, max-image-preview:large, max-video-preview:-1\" \/>\n<link rel=\"canonical\" href=\"https:\/\/linas.lt\/en\/invest-naujienos\/regarding-the-resignation-of-the-chairman-of-the-supervisory-council-and-the-appointment-of-the-director\/\" \/>\n<meta property=\"og:locale\" content=\"en_US\" \/>\n<meta property=\"og:type\" content=\"article\" \/>\n<meta property=\"og:title\" content=\"Regarding the resignation of the Chairman of the Supervisory Council and the appointment of the director - linas.lt\" \/>\n<meta property=\"og:description\" content=\"Regarding the resignation of the Chairman of the Supervisory Council and the appointment of the director AB \u201cLinas\u201d informing that Vilita Skersiene is resigning from the position of the Chairman of the Supervisory Council from August 31, 2018. On August 30, 2018 the Board of AB \u201cLinas\u201d elected Vilita Skersiene as the director of company [&hellip;]\" \/>\n<meta property=\"og:url\" content=\"https:\/\/linas.lt\/en\/invest-naujienos\/regarding-the-resignation-of-the-chairman-of-the-supervisory-council-and-the-appointment-of-the-director\/\" \/>\n<meta property=\"og:site_name\" content=\"linas.lt\" \/>\n<meta name=\"twitter:card\" content=\"summary_large_image\" \/>\n<script type=\"application\/ld+json\" class=\"yoast-schema-graph\">{\"@context\":\"https:\/\/schema.org\",\"@graph\":[{\"@type\":\"WebPage\",\"@id\":\"https:\/\/linas.lt\/en\/invest-naujienos\/regarding-the-resignation-of-the-chairman-of-the-supervisory-council-and-the-appointment-of-the-director\/\",\"url\":\"https:\/\/linas.lt\/en\/invest-naujienos\/regarding-the-resignation-of-the-chairman-of-the-supervisory-council-and-the-appointment-of-the-director\/\",\"name\":\"Regarding the resignation of the Chairman of the Supervisory Council and the appointment of the director - linas.lt\",\"isPartOf\":{\"@id\":\"https:\/\/linas.lt\/en\/#website\"},\"datePublished\":\"2018-08-31T13:49:24+00:00\",\"breadcrumb\":{\"@id\":\"https:\/\/linas.lt\/en\/invest-naujienos\/regarding-the-resignation-of-the-chairman-of-the-supervisory-council-and-the-appointment-of-the-director\/#breadcrumb\"},\"inLanguage\":\"en-US\",\"potentialAction\":[{\"@type\":\"ReadAction\",\"target\":[\"https:\/\/linas.lt\/en\/invest-naujienos\/regarding-the-resignation-of-the-chairman-of-the-supervisory-council-and-the-appointment-of-the-director\/\"]}]},{\"@type\":\"BreadcrumbList\",\"@id\":\"https:\/\/linas.lt\/en\/invest-naujienos\/regarding-the-resignation-of-the-chairman-of-the-supervisory-council-and-the-appointment-of-the-director\/#breadcrumb\",\"itemListElement\":[{\"@type\":\"ListItem\",\"position\":1,\"name\":\"Home\",\"item\":\"https:\/\/linas.lt\/en\/\"},{\"@type\":\"ListItem\",\"position\":2,\"name\":\"Investuotoj\u0173 naujienos\",\"item\":\"https:\/\/linas.lt\/en\/invest-naujienos\/\"},{\"@type\":\"ListItem\",\"position\":3,\"name\":\"Regarding the resignation of the Chairman of the Supervisory Council and the appointment of the director\"}]},{\"@type\":\"WebSite\",\"@id\":\"https:\/\/linas.lt\/en\/#website\",\"url\":\"https:\/\/linas.lt\/en\/\",\"name\":\"linas.lt\",\"description\":\"Viena did\u017eiausi\u0173 lin\u0173 tekstil\u0117s gamintoj\u0173 Lietuvoje ir Baltijos valstyb\u0117se. Gilios tradicijos, ilgamet\u0117 darbo patirtis puosel\u0117jama nuo 1957 m.\",\"potentialAction\":[{\"@type\":\"SearchAction\",\"target\":{\"@type\":\"EntryPoint\",\"urlTemplate\":\"https:\/\/linas.lt\/en\/?s={search_term_string}\"},\"query-input\":{\"@type\":\"PropertyValueSpecification\",\"valueRequired\":true,\"valueName\":\"search_term_string\"}}],\"inLanguage\":\"en-US\"}]}<\/script>\n<!-- \/ Yoast SEO plugin. -->","yoast_head_json":{"title":"Regarding the resignation of the Chairman of the Supervisory Council and the appointment of the director - linas.lt","robots":{"index":"index","follow":"follow","max-snippet":"max-snippet:-1","max-image-preview":"max-image-preview:large","max-video-preview":"max-video-preview:-1"},"canonical":"https:\/\/linas.lt\/en\/invest-naujienos\/regarding-the-resignation-of-the-chairman-of-the-supervisory-council-and-the-appointment-of-the-director\/","og_locale":"en_US","og_type":"article","og_title":"Regarding the resignation of the Chairman of the Supervisory Council and the appointment of the director - linas.lt","og_description":"Regarding the resignation of the Chairman of the Supervisory Council and the appointment of the director AB \u201cLinas\u201d informing that Vilita Skersiene is resigning from the position of the Chairman of the Supervisory Council from August 31, 2018. On August 30, 2018 the Board of AB \u201cLinas\u201d elected Vilita Skersiene as the director of company [&hellip;]","og_url":"https:\/\/linas.lt\/en\/invest-naujienos\/regarding-the-resignation-of-the-chairman-of-the-supervisory-council-and-the-appointment-of-the-director\/","og_site_name":"linas.lt","twitter_card":"summary_large_image","schema":{"@context":"https:\/\/schema.org","@graph":[{"@type":"WebPage","@id":"https:\/\/linas.lt\/en\/invest-naujienos\/regarding-the-resignation-of-the-chairman-of-the-supervisory-council-and-the-appointment-of-the-director\/","url":"https:\/\/linas.lt\/en\/invest-naujienos\/regarding-the-resignation-of-the-chairman-of-the-supervisory-council-and-the-appointment-of-the-director\/","name":"Regarding the resignation of the Chairman of the Supervisory Council and the appointment of the director - linas.lt","isPartOf":{"@id":"https:\/\/linas.lt\/en\/#website"},"datePublished":"2018-08-31T13:49:24+00:00","breadcrumb":{"@id":"https:\/\/linas.lt\/en\/invest-naujienos\/regarding-the-resignation-of-the-chairman-of-the-supervisory-council-and-the-appointment-of-the-director\/#breadcrumb"},"inLanguage":"en-US","potentialAction":[{"@type":"ReadAction","target":["https:\/\/linas.lt\/en\/invest-naujienos\/regarding-the-resignation-of-the-chairman-of-the-supervisory-council-and-the-appointment-of-the-director\/"]}]},{"@type":"BreadcrumbList","@id":"https:\/\/linas.lt\/en\/invest-naujienos\/regarding-the-resignation-of-the-chairman-of-the-supervisory-council-and-the-appointment-of-the-director\/#breadcrumb","itemListElement":[{"@type":"ListItem","position":1,"name":"Home","item":"https:\/\/linas.lt\/en\/"},{"@type":"ListItem","position":2,"name":"Investuotoj\u0173 naujienos","item":"https:\/\/linas.lt\/en\/invest-naujienos\/"},{"@type":"ListItem","position":3,"name":"Regarding the resignation of the Chairman of the Supervisory Council and the appointment of the director"}]},{"@type":"WebSite","@id":"https:\/\/linas.lt\/en\/#website","url":"https:\/\/linas.lt\/en\/","name":"linas.lt","description":"Viena did\u017eiausi\u0173 lin\u0173 tekstil\u0117s gamintoj\u0173 Lietuvoje ir Baltijos valstyb\u0117se. Gilios tradicijos, ilgamet\u0117 darbo patirtis puosel\u0117jama nuo 1957 m.","potentialAction":[{"@type":"SearchAction","target":{"@type":"EntryPoint","urlTemplate":"https:\/\/linas.lt\/en\/?s={search_term_string}"},"query-input":{"@type":"PropertyValueSpecification","valueRequired":true,"valueName":"search_term_string"}}],"inLanguage":"en-US"}]}},"_links":{"self":[{"href":"https:\/\/linas.lt\/en\/wp-json\/wp\/v2\/invest-naujienos\/11184","targetHints":{"allow":["GET"]}}],"collection":[{"href":"https:\/\/linas.lt\/en\/wp-json\/wp\/v2\/invest-naujienos"}],"about":[{"href":"https:\/\/linas.lt\/en\/wp-json\/wp\/v2\/types\/invest-naujienos"}],"wp:attachment":[{"href":"https:\/\/linas.lt\/en\/wp-json\/wp\/v2\/media?parent=11184"}],"curies":[{"name":"wp","href":"https:\/\/api.w.org\/{rel}","templated":true}]}}

<!-- This site is optimized with the Yoast SEO plugin v25.8 - https://yoast.com/wordpress/plugins/seo/ -->
<title>Regarding the resignation of the Chairman of the Supervisory Council and the appointment of the director - linas.lt</title>
<meta name="robots" content="index, follow, max-snippet:-1, max-image-preview:large, max-video-preview:-1" />
<link rel="canonical" href="https://linas.lt/en/invest-naujienos/regarding-the-resignation-of-the-chairman-of-the-supervisory-council-and-the-appointment-of-the-director/" />
<meta property="og:locale" content="en_US" />
<meta property="og:type" content="article" />
<meta property="og:title" content="Regarding the resignation of the Chairman of the Supervisory Council and the appointment of the director - linas.lt" />
<meta property="og:description" content="Regarding the resignation of the Chairman of the Supervisory Council and the appointment of the director AB “Linas” informing that Vilita Skersiene is resigning from the position of the Chairman of the Supervisory Council from August 31, 2018. On August 30, 2018 the Board of AB “Linas” elected Vilita Skersiene as the director of company [&hellip;]" />
<meta property="og:url" content="https://linas.lt/en/invest-naujienos/regarding-the-resignation-of-the-chairman-of-the-supervisory-council-and-the-appointment-of-the-director/" />
<meta property="og:site_name" content="linas.lt" />
<meta name="twitter:card" content="summary_large_image" />
<script type="application/ld+json" class="yoast-schema-graph">{"@context":"https://schema.org","@graph":[{"@type":"WebPage","@id":"https://linas.lt/en/invest-naujienos/regarding-the-resignation-of-the-chairman-of-the-supervisory-council-and-the-appointment-of-the-director/","url":"https://linas.lt/en/invest-naujienos/regarding-the-resignation-of-the-chairman-of-the-supervisory-council-and-the-appointment-of-the-director/","name":"Regarding the resignation of the Chairman of the Supervisory Council and the appointment of the director - linas.lt","isPartOf":{"@id":"https://linas.lt/en/#website"},"datePublished":"2018-08-31T13:49:24+00:00","breadcrumb":{"@id":"https://linas.lt/en/invest-naujienos/regarding-the-resignation-of-the-chairman-of-the-supervisory-council-and-the-appointment-of-the-director/#breadcrumb"},"inLanguage":"en-US","potentialAction":[{"@type":"ReadAction","target":["https://linas.lt/en/invest-naujienos/regarding-the-resignation-of-the-chairman-of-the-supervisory-council-and-the-appointment-of-the-director/"]}]},{"@type":"BreadcrumbList","@id":"https://linas.lt/en/invest-naujienos/regarding-the-resignation-of-the-chairman-of-the-supervisory-council-and-the-appointment-of-the-director/#breadcrumb","itemListElement":[{"@type":"ListItem","position":1,"name":"Home","item":"https://linas.lt/en/"},{"@type":"ListItem","position":2,"name":"Investuotojų naujienos","item":"https://linas.lt/en/invest-naujienos/"},{"@type":"ListItem","position":3,"name":"Regarding the resignation of the Chairman of the Supervisory Council and the appointment of the director"}]},{"@type":"WebSite","@id":"https://linas.lt/en/#website","url":"https://linas.lt/en/","name":"linas.lt","description":"Viena didžiausių linų tekstilės gamintojų Lietuvoje ir Baltijos valstybėse. Gilios tradicijos, ilgametė darbo patirtis puoselėjama nuo 1957 m.","potentialAction":[{"@type":"SearchAction","target":{"@type":"EntryPoint","urlTemplate":"https://linas.lt/en/?s={search_term_string}"},"query-input":{"@type":"PropertyValueSpecification","valueRequired":true,"valueName":"search_term_string"}}],"inLanguage":"en-US"}]}</script>
<!-- / Yoast SEO plugin. -->

Investuotojų naujienos

Viena didžiausių linų tekstilės gamintojų Lietuvoje ir Baltijos valstybėse. Gilios tradicijos, ilgametė darbo patirtis puoselėjama nuo 1957 m.
